e m(2).
-2
Let h(i) = 5*i**2 + 45*i + 123. Give h(-3).
33
Let d(j) = 123*j**2 - 370*j + 4. Determine d(3).
1
Let c(m) = 35*m**2 + 70*m - 538. Give c(-5).
-13
Let q(b) = -21*b**2 - 371*b + 2009. Give q(-22).
7
Let f(x) = 10*x**2 - 158*x + 456. Determine f(12).
0
Let g(c) = -c**3 + c**2 + 20*c - 27. Give g(-4).
-27
Let g(x) = 20*x - 234. Determine g(12).
6
Let z(v) = -3*v**3 + 19*v**2 + 36. Give z(8).
-284
Let k(r) = -2*r**2 + 35*r + 77. Calculate k(20).
-23
Let x(i) = 62*i**3 + 2*i**2 - 6*i - 5. Determine x(-1).
-59
Let y(b) = 3*b**2 - 3*b - 294. Calculate y(12).
102
Let w(l) = -19*l**2 + 352*l + 987. Determine w(21).
0
Let r(h) = 116*h - 1519. Determine r(12).
-127
Let x(a) = 2*a - 125. What is x(32)?
-61
Let y(m) = -61*m**2 + 10*m - 10. Give y(1).
-61
Let a(f) = -f**3 - 28*f**2 - 234*f - 544. Calculate a(-14).
-12
Let f(n) = -n**3 + 10*n**2 + 21*n - 25. Give f(11).
85
Let h(y) = -y + 26. Determine h(-20).
46
Let v(n) = -n**3 - 78*n**2 + 173*n + 1082. Calculate v(-80).
42
Let z(d) = -50*d + 1591. Calculate z(33).
-59
Let t(a) = -4*a**3 + 129*a**2 - 38*a + 195. Give t(32).
3
Let a(r) = -1738*r + 11984. Give a(7).
-182
Let r(f) = f**3 + 22*f**2 + 10*f - 14. What is r(-21)?
217
Let c(t) = -t**2 + 60*t - 685. Determine c(44).
19
Let d(p) = -13*p - 675. Determine d(-38).
-181
Let i(x) = -6*x**2 + 8*x + 28. Determine i(-4).
-100
Let k(p) = -p**3 + 27*p**2 + 32*p + 209. What is k(29)?
-545
Let g(t) = -t**2 + 2*t + 183. What is g(0)?
183
Let r(s) = -3*s**2 - 22*s - 158. Calculate r(-13).
-379
Let z(n) = -4*n**3 + 361*n**2 - 85*n - 492. Give z(90).
-42
Let q(y) = y**3 + 3*y**2 - 8*y - 14. What is q(-6)?
-74
Let c(i) = i**2 - 146*i + 4650. What is c(47)?
-3
Let l(s) = -3*s + 220. What is l(31)?
127
Let s(k) = -k**2 + 28*k - 131. Give s(7).
16
Let l(x) = 37*x**3 - x**2 - 20*x + 20. Determine l(1).
36
Let o(k) = -71*k + 13494. Determine o(190).
4
Let u(t) = t**3 + 22*t**2 - 29*t + 6. Give u(-23).
144
Let s(n) = 2*n**2 + 33*n - 655. What is s(-28)?
-11
Let u(g) = -179*g**2 + 25*g - 1. Calculate u(1).
-155
Let l(c) = c**3 - 2*c**2 - 14*c + 10. Determine l(5).
15
Let d(r) = -280*r + 1435. Give d(6).
-245
Let r(y) = y**3 + 37*y**2 - 201*y + 338. Determine r(-42).
-40
Let o(q) = -118*q - 925. Determine o(-8).
19
Let i(r) = 23*r**2 + 78*r - 76. Calculate i(1).
25
Let s(m) = 90*m + 777. What is s(-12)?
-303
Let u(i) = -i**2 + 382*i - 1493. Calculate u(4).
19
Let p(o) = -3*o**3 + 31*o**2 + 7*o - 169. What is p(10)?
1
Let t(q) = q**3 + 16*q**2 + 9*q + 70. What is t(-15)?
160
Let i(t) = 113*t - 6681. Give i(59).
-14
Let m(s) = -s**3 - 4*s**2 + 53*s + 21. Determine m(6).
-21
Let s(w) = w**3 + 14*w**2 + w - 84. What is s(-14)?
-98
Let k(c) = -58*c + 150. Calculate k(4).
-82
Let b(d) = -d**3 + 136*d**2 - 7*d + 1052. Give b(136).
100
Let a(y) = -y**3 + 58*y**2 + 247*y + 48. What is a(62)?
-14
Let p(z) = -3*z**2 + 130*z - 730. Give p(33).
293
Let r(l) = -3*l**2 + 109*l - 978. What is r(17)?
8
Let r(y) = -49*y + 417. Calculate r(15).
-318
Let w(t) = t**3 - 24*t**2 + 24*t - 64. Determine w(23).
-41
Let i(n) = 94*n + 2073. Determine i(-22).
5
Let j(m) = m**3 + 5*m**2 - 15*m - 9. What is j(-6)?
45
Let k(j) = -7*j**3 + 5*j**2 - 13*j + 18. Give k(2).
-44
Let t(z) = -2*z - 49. Calculate t(27).
-103
Let v(i) = -224*i - 277. Give v(-2).
171
Let x(n) = -273*n + 773. Give x(3).
-46
Let u(v) = -2*v - 762. Determine u(-47).
-668
Let l(m) = m**3 + 54*m**2 + 64*m + 569. What is l(-53)?
-14
Let c(t) = -659*t + 18398. Give c(28).
-54
Let s(m) = -7*m**3 - 39*m**2 + 23*m + 83. Determine s(-6).
53
Let r(m) = 2049*m + 168021. What is r(-82)?
3
Let g(i) = -83*i**2 - 494*i + 22. What is g(-6)?
-2
Let a(i) = -38*i - 496. Determine a(-13).
-2
Let r(f) = -24*f + 237. Calculate r(15).
-123
Let o(c) = -651*c**2 + 16276*c - 36. Give o(25).
-11
Let s(v) = -2*v**2 + 51*v - 40. What is s(22)?
114
Let s(o) = -13*o - 60. Give s(-17).
161
Let c(n) = 15996*n - 239938. What is c(15)?
2
Let a(d) = -d**2 - 1721*d - 337864. What is a(-226)?
6
Let s(z) = -z**3 + 5*z**2 + 60*z - 62. Calculate s(10).
38
Let b(o) = o**2 + 49*o + 268. Give b(-6).
10
Let b(g) = -4775*g + 119381. Give b(25).
6
Let x(q) = -q**2 + q + 76. Calculate x(9).
4
Let z(g) = -45*g + 2679. Calculate z(62).
-111
Let f(s) = 27210*s - 81643. Calculate f(3).
-13
Let a(o) = 2*o**3 + 9*o**2 + 38*o + 1. Calculate a(-5).
-214
Let f(h) = 14*h + 271. Calculate f(-20).
-9
Let g(k) = -k**3 - 59*k**2 - 525*k + 24. Determine g(-11).
-9
Let v(z) = -z**3 + 30*z**2 + z - 55. Determine v(30).
-25
Let u(q) = -3*q**3 - 107*q**2 - 68*q + 70. Give u(-35).
0
Let b(u) = -u**3 - 105*u**2 + 324*u - 7. Determine b(-108).
-7
Let a(m) = -700*m - 403. What is a(-1)?
297
Let i(j) = -332*j - 2930. Determine i(-9).
58
Let h(m) = -m**2 + 17*m - 23. What is h(16)?
-7
Let w(q) = 55*q - 3045. Determine w(53).
-130
Let y(d) = -d**3 - 105*d**2 + 546*d - 412. Calculate y(-110).
28
Let b(z) = 3957*z + 19782. Give b(-5).
-3
Let t(n) = 464*n - 151727. What is t(327)?
1
Let s(l) = -172*l + 9639. Determine s(56).
7
Let z(o) = -63*o + 75. What is z(3)?
-114
Let m(p) = -p**3 - 306*p**2 + 618*p + 607. Determine m(-308).
-9
Let k(y) = 48*y - 1517. Give k(31).
-29
Let v(z) = -z**2 - 41*z - 149. Calculate v(-36).
31
Let w(c) = -307*c + 105920. Determine w(345).
5
Let t(j) = 3*j**3 + 42*j**2 + 34*j + 28. Give t(-13).
93
Let w(y) = 54*y + 2284. Calculate w(-42).
16
Let s(g) = g**2 - 86*g - 14. Give s(0).
-14
Let i(v) = 173*v**3 + 2*v**2 + 5*v + 4. Calculate i(-1).
-172
Let h(x) = 16*x**2 + 113*x + 12. Determine h(-7).
5
Let l(w) = 30*w + 1313. Determine l(-41).
83
Let v(k) = -k**2 - 76*k + 661. Calculate v(-84).
-11
Let t(l) = -110*l**2 + 340*l - 35. Give t(3).
-5
Let p(y) = -183*y + 411. Determine p(3).
-138
Let p(i) = -283*i + 1696. Calculate p(6).
-2
Let a(p) = 445*p + 10236. Give a(-23).
1
Let d(l) = -87*l + 1226. What is d(14)?
8
Let k(a) = -3*a**2 + 288*a - 6321. Determine k(62).
3
Let h(y) = -947*y + 3792. Determine h(4).
4
Let n(l) = l**3 - 11*l**2 - 81*l + 717. Give n(13).
2
Let g(q) = -q**3 - q**2 + 17*q - 10. What is g(-5)?
5
Let v(d) = 401*d**2 + 1201*d - 8. Give v(-3).
-2
Let d(z) = 882*z + 2656. Give d(-3).
10
Let t(f) = 2*f**2 - 7*f - 207. What is t(-9)?
18
Let m(l) = 3*l**2 + 58*l + 299. Determine m(-8).
27
Let j(s) = -s**3 - 110*s**2 - 316*s + 537. Give j(-107).
2
Let l(c) = 2*c**2 + 185*c - 2867. Give l(-106).
-5
Let r(u) = -9*u**2 + 53*u - 41. What is r(5)?
-1
Let x(z) = -2*z**3 + 181*z**2 - 60*z - 2701. Give x(90).
-1
Let k(g) = g**2 + 15*g + 12. What is k(-23)?
196
Let k(a) = a**3 + 98*a**2 - 196*a + 399. What is k(-100)?
-1
Let g(z) = -z**2 - 57*z - 598. What is g(-56)?
-542
Let r(g) = 1952*g + 11673. Calculate r(-6).
-39
Let h(q) = -95*q - 664. Determine h(-7).
1
Let i(l) = -8*l + 16. Determine i(0).
16
Let i(h) = -237*h + 1436. Give i(6).
14
Let x(g) = 5*g**3 + 34*g**2 + 29*g + 31. What is x(-6)?
1
Let w(o) = 13*o + 133. Give w(-7).
42
Let g(b) = -52*b**2 - 3*b + 3. Determine g(-2).
-199
Let k(w) = -8*w - 58. What is k(4)?
-90
Let i(r) = 2*r**3 - 11*r**2 + 12*r + 5. What is i(2)?
1
Let p(h) = -47*h + 260. What is p(6)?
-22
Let a(p) = -11286*p + 22577. What is a(2)?
5
Let c(d) = -135*d + 2042. Calculate c(15).
17
Let l(h) = -4*h**2 - 49*h + 22. Calculate l(-5).
167
Let z(j) = 62*j - 3828. Determine z(60).
-108
Let o(m) = -m**3 + 23*m**2 - 63*m + 33. What is o(20)?
-27
Let q(n) = 12*n - 238. Calculate q(7).
-154
Let w(z) = 431*z + 5611. What is w(-13)?
8
Let k(y) = y**3 - 19*y**2 - 102*y + 793. Determine k(22).
1
Let q(i) = 115*i - 2534. Calculate q(22).
-4
Let q(a) = -a**3 - 15*a**2 - 46*a - 30. Determine q(-13).
230
Let r(q) = q**3 + 9*q**2 - 140*q - 447. What is r(-16)?
1
Let u(b) = 2*b**2 - 43*b - 4. What is u(20)?
-64
Let j(o) = 14*o - 55. Determine j(4).
1
Let z(a) = -54*a**2 - 77*a - 18. Give z(-3).
-273
Let v(b) = -21*b + 24. Determine v(-1).
45
Let i(y) = -y**3 - 10*y**2 - 47*y - 9. Give i(0).
-9
Let w(b) = -10*b**3 + 11*b**2 + 20*b - 6. Give w(-2).
78
Let d(a) = -5*a + 183. Determine d(40).
-17
Let s(n) = -2*n**2 + 14*n + 1. What is s(15)?
-239
Let s(l) = -2*l**3 + 19*l**2 + 63. Determine s(10).
-37
Let i(b) = 639*b - 7027. Give i(11).
2
Let w(d) = -8*d - 58. Calculate w(-9).
14
Let r(z) = 36*z**2 + 13*z - 12. Determine r(1).
37
Let w(t) = 2*t**3 + 50*t**2 + 